 by 211.
30
What is the remainder when 4627222 is divided by 110?
72
Calculate the remainder when 261347 is divided by 32250.
3347
What is the remainder when 271995 is divided by 135988?
19
What is the remainder when 2329080 is divided by 105867?
6
Calculate the remainder when 17056373 is divided by 8528181.
11
Calculate the remainder when 39700490 is divided by 709.
35
Calculate the remainder when 8648301 is divided by 146.
137
What is the remainder when 6831655 is divided by 426947?
503
Calculate the remainder when 773718 is divided by 4899.
4575
What is the remainder when 40234 is divided by 2596?
1294
What is the remainder when 806585 is divided by 886?
325
Calculate the remainder when 27125102 is divided by 678127.
22
Calculate the remainder when 342853127 is divided by 3359.
3356
Calculate the remainder when 2130605 is divided by 63.
8
What is the remainder when 431241 is divided by 4889?
1009
What is the remainder when 40453 is divided by 2508?
325
Calculate the remainder when 21410003 is divided by 15.
8
What is the remainder when 4465702 is divided by 261?
253
Calculate the remainder when 504085 is divided by 5680.
4245
Calculate the remainder when 119035 is divided by 39583.
286
Calculate the remainder when 292327 is divided by 3789.
574
What is the remainder when 8257648 is divided by 491?
10
What is the remainder when 51599 is divided by 4256?
527
What is the remainder when 642712 is divided by 2026?
470
What is the remainder when 124985061 is divided by 1351?
1349
What is the remainder when 32316 is divided by 1384?
484
Calculate the remainder when 441584 is divided by 400.
384
Calculate the remainder when 52620 is divided by 4046.
22
Calculate the remainder when 1339197 is divided by 791.
34
What is the remainder when 55175352 is divided by 12955?
7
What is the remainder when 894684 is divided by 1556?
1540
Calculate the remainder when 21447319 is divided by 47.
44
What is the remainder when 1563108 is divided by 1446?
1428
What is the remainder when 127349 is divided by 30484?
5413
Calculate the remainder when 1754171 is divided by 3285.
3266
Calculate the remainder when 556232 is divided by 789.
776
Calculate the remainder when 6405517 is divided by 3214.
15
What is the remainder when 61378984 is divided by 44?
40
Calculate the remainder when 270236 is divided by 270136.
100
What is the remainder when 36481502 is divided by 134?
2
Calculate the remainder when 18843 is divided by 58.
51
Calculate the remainder when 459312589 is divided by 2629.
2628
What is the remainder when 159684027 is divided by 7636?
7631
What is the remainder when 1656249 is divided by 72003?
180
Calculate the remainder when 1863998 is divided by 745.
8
What is the remainder when 3385170 is divided by 2175?
870
Calculate the remainder when 3383607 is divided by 77.
73
What is the remainder when 31493 is divided by 2303?
1554
What is the remainder when 971045 is divided by 1426?
1365
Calculate the remainder when 343853 is divided by 945.
818
What is the remainder when 5001 is divided by 163?
111
Calculate the remainder when 38243817 is divided by 1194.
1191
Calculate the remainder when 9004498 is divided by 1528.
1522
What is the remainder when 8642219 is divided by 2160546?
35
What is the remainder when 5312923 is divided by 4190?
3
What is the remainder when 6300356 is divided by 1645?
6
Calculate the remainder when 1029546 is divided by 21.
0
Calculate the remainder when 174185 is divided by 1622.
631
What is the remainder when 35488 is divided by 2213?
80
Calculate the remainder when 376366 is divided by 540.
526
What is the remainder when 1028353 is divided by 1094?
1087
What is the remainder when 743346 is divided by 211?
204
What is the remainder when 65716 is divided by 29119?
7478
What is the remainder when 126876479 is divided by 3548?
3547
Calculate the remainder when 453468 is divided by 211.
29
What is the remainder when 31503046 is divided by 4500431?
29
Calculate the remainder when 65852 is divided by 12913.
1287
What is the remainder when 2238761 is divided by 2329?
592
Calculate the remainder when 132946 is divided by 43052.
3790
Calculate the remainder when 649275 is divided by 787.
0
Calculate the remainder when 232179 is divided by 11.
2
Calculate the remainder when 585451 is divided by 146348.
59
Calculate the remainder when 2047769 is divided by 183.
182
Calculate the remainder when 3187181 is divided by 212478.
11
Calculate the remainder when 39848323 is divided by 42940.
3
Calculate the remainder when 135210480 is divided by 25.
5
What is the remainder when 564738 is divided by 62732?
150
What is the remainder when 43549 is divided by 687?
268
Calculate the remainder when 24415244 is divided by 435.
434
What is the remainder when 118764515 is divided by 442?
441
What is the remainder when 11630763 is divided by 1453842?
27
What is the remainder when 2271051 is divided by 89?
38
What is the remainder when 15856481 is divided by 38?
31
Calculate the remainder when 8402 is divided by 7945.
457
What is the remainder when 2402844 is divided by 200236?
12
Calculate the remainder when 910751 is divided by 227653.
139
What is the remainder when 232082 is divided by 996?
14
Calculate the remainder when 60861 is divided by 19885.
1206
What is the remainder when 94456827 is divided by 26?
23
Calculate the remainder when 370794 is divided by 1891.
158
What is the remainder when 17749829 is divided by 37?
4
Calculate the remainder when 417701 is divided by 3002.
423
What is the remainder when 1191804 is divided by 1645?
824
Calculate the remainder when 1823485 is divided by 607823.
16
Calculate the remainder when 3697625 is divided by 369760.
25
Calculate the remainder when 4626966 is divided by 1395.
1146
Calculate the remainder when 598992 is divided by 243.
240
What is the remainder when 12053180 is divided by 3013294?
4
What is the remainder when 83753135 is divided by 2991182?
39
Calculate the remainder when 26601 is divided by 77.
36
Calculate the remainder when 17852341 is divided by 2459.
1
Calculate the remainder when 1193927924 is divided by 456.
452
What is the remainder when 4163582 is divided by 322?
122
What is the remainder when 288547647 is divided by 18?
15
Calculate the remainder when 61240 is divided by 1318.
612
Calculate the remainder when 2416358 is divided by 6675.
8
Calculate the remainder when 23140862 is divided by 171.
116
Calculate the remainder when 302942 is divided by 13.
3
What is the remainder when 27283 is divided by 378?
67
Calculate the remainder when 1608792 is divided by 261.
249
Calculate the remainder when 13681850 is divided by 42098.
0
Calculate the remainder when 175728 is divided by 5322.
102
What is the remainder when 54137042 is divided by 1424659?
0
Calculate the remainder when 221586 is divided by 3157.
596
What is the remainder when 1041867 is divided by 155?
112
What is the remainder when 42608031 is divided by 18598?
13
What is the remainder when 2517564 is divided by 18243?
30
Calculate the remainder when 8694575 is divided by 93490.
5
What is the remainder when 301908 is divided by 539?
68
Calculate the remainder when 302772 is divided by 16740.
1452
What is the remainder when 540374 is divided by 4503?
14
Calculate the remainder when 38789872 is divided by 125.
122
What is the remainder when 41562238 is divided by 80?
78
What is the remainder when 3737360 is divided by 83052?
20
What is the remainder when 16723 is divided by 516?
211
Calculate the remainder when 4069993 is divided by 500.
493
What is the remainder when 18556 is divided by 388?
320
What is the remainder when 1720738 is divided by 45?
28
Calculate the remainder when 80838678 is divided by 5052417.
6
Calculate the remainder when 855714 is divided by 17823.
210
What is the remainder when 61786 is divided by 15091?
1422
What is the remainder when 1492438 is divided by 24?
22
Calculate the remainder when 567245 is divided by 2556.
2369
What is the remainder when 1938102 is divided by 646031?
9
What is the remainder when 259410437 is divided by 60695?
7
Calculate the remainder when 17363222 is divided by 63.
44
What is the remainder when 168770 is divided by 56250?
20
Calculate the remainder when 16030221 is divided by 1132.
110